{"id":1075,"date":"2012-03-06T20:05:51","date_gmt":"2012-03-06T20:05:51","guid":{"rendered":"http:\/\/media.annasorenson.se\/2012\/03\/Arbetsl\u00f6s-och-vad-\u00e4r-samh\u00e4llsnyttan.jpg"},"modified":"2012-03-06T20:05:51","modified_gmt":"2012-03-06T20:05:51","slug":"arbetslos-och-vad-ar-samhallsnyttan","status":"inherit","type":"attachment","link":"https:\/\/annasorenson.se\/?attachment_id=1075","title":{"rendered":"Arbetsl\u00f6s och vad \u00e4r samh\u00e4llsnyttan"},"author":1,"featured_media":0,"comment_status":"open","ping_status":"open","template":"","meta":[],"class_list":["post-1075","attachment","type-attachment","status-inherit","hentry"],"description":{"rendered":"<p class=\"attachment\"><a href='https:\/\/media.annasorenson.se\/2012\/03\/Arbetsl\u00f6s-och-vad-\u00e4r-samh\u00e4llsnyttan.jpg'><img loading=\"lazy\" decoding=\"async\" width=\"285\" height=\"300\" src=\"https:\/\/media.annasorenson.se\/2012\/03\/Arbetsl\u00f6s-och-vad-\u00e4r-samh\u00e4llsnyttan-285x300.jpg\" class=\"attachment-medium size-medium\" alt=\"\" srcset=\"https:\/\/media.annasorenson.se\/2012\/03\/Arbetsl\u00f6s-och-vad-\u00e4r-samh\u00e4llsnyttan-285x300.jpg 285w, https:\/\/media.annasorenson.se\/2012\/03\/Arbetsl\u00f6s-och-vad-\u00e4r-samh\u00e4llsnyttan-974x1024.jpg 974w, https:\/\/media.annasorenson.se\/2012\/03\/Arbetsl\u00f6s-och-vad-\u00e4r-samh\u00e4llsnyttan.jpg 1218w\" sizes=\"auto, (max-width: 285px) 100vw, 285px\" \/><\/a><\/p>\n"},"caption":{"rendered":"<p>Arbetsl\u00f6s och vad \u00e4r samh\u00e4llsnyttan, collage on paper, 106 x 113 cm<\/p>\n"},"alt_text":"","media_type":"image","mime_type":"image\/jpeg","media_details":{"width":"1218","height":"1280","hwstring_small":"height='96' width='91'","file":"2012\/03\/Arbetsl\u00f6s-och-vad-\u00e4r-samh\u00e4llsnyttan.jpg","sizes":{"thumbnail":{"file":"Arbetsl\u00f6s-och-vad-\u00e4r-samh\u00e4llsnyttan-150x150.jpg","width":"150","height":"150","source_url":"https:\/\/media.annasorenson.se\/2012\/03\/Arbetsl\u00f6s-och-vad-\u00e4r-samh\u00e4llsnyttan-150x150.jpg"},"medium":{"file":"Arbetsl\u00f6s-och-vad-\u00e4r-samh\u00e4llsnyttan-285x300.jpg","width":"285","height":"300","source_url":"https:\/\/media.annasorenson.se\/2012\/03\/Arbetsl\u00f6s-och-vad-\u00e4r-samh\u00e4llsnyttan-285x300.jpg"},"large":{"file":"Arbetsl\u00f6s-och-vad-\u00e4r-samh\u00e4llsnyttan-974x1024.jpg","width":"974","height":"1024","source_url":"https:\/\/media.annasorenson.se\/2012\/03\/Arbetsl\u00f6s-och-vad-\u00e4r-samh\u00e4llsnyttan-974x1024.jpg"},"post-thumbnail":{"file":"Arbetsl\u00f6s-och-vad-\u00e4r-samh\u00e4llsnyttan-940x198.jpg","width":"940","height":"198","source_url":"https:\/\/media.annasorenson.se\/2012\/03\/Arbetsl\u00f6s-och-vad-\u00e4r-samh\u00e4llsnyttan-940x198.jpg"},"full":{"file":"Arbetsl\u00f6s-och-vad-\u00e4r-samh\u00e4llsnyttan.jpg","width":1218,"height":1280,"mime_type":"image\/jpeg","source_url":"https:\/\/media.annasorenson.se\/2012\/03\/Arbetsl\u00f6s-och-vad-\u00e4r-samh\u00e4llsnyttan.jpg"}},"image_meta":{"aperture":"11","credit":"","camera":"Canon EOS 5D Mark II","caption":"","created_timestamp":"1329578226","copyright":"Anna S\u00c3\u00b6renson","focal_length":"50","iso":"160","shutter_speed":"0.005","title":""}},"post":1074,"source_url":"https:\/\/media.annasorenson.se\/2012\/03\/Arbetsl\u00f6s-och-vad-\u00e4r-samh\u00e4llsnyttan.jpg","_links":{"self":[{"href":"https:\/\/annasorenson.se\/index.php?rest_route=\/wp\/v2\/media\/1075","targetHints":{"allow":["GET"]}}],"collection":[{"href":"https:\/\/annasorenson.se\/index.php?rest_route=\/wp\/v2\/media"}],"about":[{"href":"https:\/\/annasorenson.se\/index.php?rest_route=\/wp\/v2\/types\/attachment"}],"author":[{"embeddable":true,"href":"https:\/\/annasorenson.se\/index.php?rest_route=\/wp\/v2\/users\/1"}],"replies":[{"embeddable":true,"href":"https:\/\/annasorenson.se\/index.php?rest_route=%2Fwp%2Fv2%2Fcomments&post=1075"}],"wp:attached-to":[{"embeddable":true,"post_type":"post","id":1074,"href":"https:\/\/annasorenson.se\/index.php?rest_route=\/wp\/v2\/posts\/1074"}],"curies":[{"name":"wp","href":"https:\/\/api.w.org\/{rel}","templated":true}]}}

http://media.annasorenson.se/2012/03/Arbetslös-och-vad-är-samhällsnyttan.jpg

Arbetslös och vad är samhällsnyttan

<p class="attachment"><a href='https://media.annasorenson.se/2012/03/Arbetslös-och-vad-är-samhällsnyttan.jpg'><img loading="lazy" decoding="async" width="285" height="300" src="https://media.annasorenson.se/2012/03/Arbetslös-och-vad-är-samhällsnyttan-285x300.jpg" class="attachment-medium size-medium" alt="" srcset="https://media.annasorenson.se/2012/03/Arbetslös-och-vad-är-samhällsnyttan-285x300.jpg 285w, https://media.annasorenson.se/2012/03/Arbetslös-och-vad-är-samhällsnyttan-974x1024.jpg 974w, https://media.annasorenson.se/2012/03/Arbetslös-och-vad-är-samhällsnyttan.jpg 1218w" sizes="auto, (max-width: 285px) 100vw, 285px" /></a></p>

<p>Arbetslös och vad är samhällsnyttan, collage on paper, 106 x 113 cm</p>

2012/03/Arbetslös-och-vad-är-samhällsnyttan.jpg

Arbetslös-och-vad-är-samhällsnyttan-150x150.jpg

https://media.annasorenson.se/2012/03/Arbetslös-och-vad-är-samhällsnyttan-150x150.jpg

Arbetslös-och-vad-är-samhällsnyttan-285x300.jpg

https://media.annasorenson.se/2012/03/Arbetslös-och-vad-är-samhällsnyttan-285x300.jpg

Arbetslös-och-vad-är-samhällsnyttan-974x1024.jpg

https://media.annasorenson.se/2012/03/Arbetslös-och-vad-är-samhällsnyttan-974x1024.jpg

Arbetslös-och-vad-är-samhällsnyttan-940x198.jpg

https://media.annasorenson.se/2012/03/Arbetslös-och-vad-är-samhällsnyttan-940x198.jpg

Arbetslös-och-vad-är-samhällsnyttan.jpg

https://media.annasorenson.se/2012/03/Arbetslös-och-vad-är-samhällsnyttan.jpg

Anna SÃ¶renson
