{"id":1528,"date":"2012-07-07T18:13:39","date_gmt":"2012-07-07T18:13:39","guid":{"rendered":"http:\/\/annasorenson.se\/?page_id=1528"},"modified":"2024-09-27T11:57:36","modified_gmt":"2024-09-27T11:57:36","slug":"work-2011","status":"publish","type":"page","link":"https:\/\/annasorenson.se\/?page_id=1528","title":{"rendered":"Painting and collage, 2011"},"content":{"rendered":"\n<figure class=\"wp-block-image aligncenter\"><a href=\"https:\/\/annasorenson.se\/?attachment_id=55\" rel=\"attachment wp-att-55\"><img loading=\"lazy\" decoding=\"async\" width=\"1024\" height=\"1015\" src=\"https:\/\/media.annasorenson.se\/2011\/01\/En-del-av-prblemet-1024x1015.jpg\" alt=\"\" class=\"wp-image-55\" srcset=\"https:\/\/media.annasorenson.se\/2011\/01\/En-del-av-prblemet-1024x1015.jpg 1024w, https:\/\/media.annasorenson.se\/2011\/01\/En-del-av-prblemet-150x150.jpg 150w, https:\/\/media.annasorenson.se\/2011\/01\/En-del-av-prblemet-300x297.jpg 300w, https:\/\/media.annasorenson.se\/2011\/01\/En-del-av-prblemet.jpg 1291w\" sizes=\"auto, (max-width: 1024px) 100vw, 1024px\" \/><\/a><figcaption class=\"wp-element-caption\">&#8221;En del av problemet\/A part of the problem&#8221;, 80 x 80 cm<\/figcaption><\/figure>\n\n\n\n<figure class=\"wp-block-gallery has-nested-images columns-default is-cropped wp-block-gallery-1 is-layout-flex wp-block-gallery-is-layout-flex\">\n<figure class=\"wp-block-image size-large\"><a href=\"https:\/\/media.annasorenson.se\/2012\/07\/The-Shape-that-never-existed1.jpg\"><img loading=\"lazy\" decoding=\"async\" width=\"955\" height=\"1024\" data-id=\"1714\" src=\"https:\/\/media.annasorenson.se\/2012\/07\/The-Shape-that-never-existed1-955x1024.jpg\" alt=\"\" class=\"wp-image-1714\" srcset=\"https:\/\/media.annasorenson.se\/2012\/07\/The-Shape-that-never-existed1-955x1024.jpg 955w, https:\/\/media.annasorenson.se\/2012\/07\/The-Shape-that-never-existed1-279x300.jpg 279w, https:\/\/media.annasorenson.se\/2012\/07\/The-Shape-that-never-existed1.jpg 1194w\" sizes=\"auto, (max-width: 955px) 100vw, 955px\" \/><\/a><figcaption class=\"wp-element-caption\">\u201cThe Shape that Never Existed\u201d, ink and color pencil, 113 x 106 cm \/44.5 x 41.7 inch<\/figcaption><\/figure>\n\n\n\n<figure class=\"wp-block-image size-large\"><a href=\"https:\/\/media.annasorenson.se\/2012\/07\/A-friend-from-the-past1.jpg\"><img loading=\"lazy\" decoding=\"async\" width=\"1020\" height=\"1024\" data-id=\"1695\" src=\"https:\/\/media.annasorenson.se\/2012\/07\/A-friend-from-the-past1-1020x1024.jpg\" alt=\"\" class=\"wp-image-1695\" srcset=\"https:\/\/media.annasorenson.se\/2012\/07\/A-friend-from-the-past1-1020x1024.jpg 1020w, https:\/\/media.annasorenson.se\/2012\/07\/A-friend-from-the-past1-150x150.jpg 150w, https:\/\/media.annasorenson.se\/2012\/07\/A-friend-from-the-past1-300x300.jpg 300w, https:\/\/media.annasorenson.se\/2012\/07\/A-friend-from-the-past1.jpg 1276w\" sizes=\"auto, (max-width: 1020px) 100vw, 1020px\" \/><\/a><figcaption class=\"wp-element-caption\">\u201cA Friend From the Past\u201d, ink, watercolor, pencil and colorpencil on paper, 106 x 107 cm\/  41,7 x 42,1 inches<\/figcaption><\/figure>\n\n\n\n<figure class=\"wp-block-image size-large\"><a href=\"https:\/\/media.annasorenson.se\/2012\/07\/At-night1.jpg\"><img loading=\"lazy\" decoding=\"async\" width=\"968\" height=\"1024\" data-id=\"1696\" src=\"https:\/\/media.annasorenson.se\/2012\/07\/At-night1-968x1024.jpg\" alt=\"\" class=\"wp-image-1696\" srcset=\"https:\/\/media.annasorenson.se\/2012\/07\/At-night1-968x1024.jpg 968w, https:\/\/media.annasorenson.se\/2012\/07\/At-night1-283x300.jpg 283w, https:\/\/media.annasorenson.se\/2012\/07\/At-night1.jpg 1210w\" sizes=\"auto, (max-width: 968px) 100vw, 968px\" \/><\/a><figcaption class=\"wp-element-caption\">P\u00e5 Natten \/ At Night, watercolor and collage on Paper, 113 x 106 cm\/ 44.5 x 41.7 inch<\/figcaption><\/figure>\n\n\n\n<figure class=\"wp-block-image size-large\"><a href=\"https:\/\/media.annasorenson.se\/2012\/07\/Behinde-the-beard1.jpg\"><img loading=\"lazy\" decoding=\"async\" width=\"987\" height=\"1024\" data-id=\"1697\" src=\"https:\/\/media.annasorenson.se\/2012\/07\/Behinde-the-beard1-987x1024.jpg\" alt=\"\" class=\"wp-image-1697\" srcset=\"https:\/\/media.annasorenson.se\/2012\/07\/Behinde-the-beard1-987x1024.jpg 987w, https:\/\/media.annasorenson.se\/2012\/07\/Behinde-the-beard1-289x300.jpg 289w, https:\/\/media.annasorenson.se\/2012\/07\/Behinde-the-beard1.jpg 1234w\" sizes=\"auto, (max-width: 987px) 100vw, 987px\" \/><\/a><figcaption class=\"wp-element-caption\">\u201cBehind the Beard\u201d, watercolor on paper, 106 x 106 cm\/ 41,7 x 41,7 inch <\/figcaption><\/figure>\n\n\n\n<figure class=\"wp-block-image size-large\"><a href=\"https:\/\/media.annasorenson.se\/2012\/07\/Da\u0308r-jag-kommer-ifra\u030an1.jpg\"><img loading=\"lazy\" decoding=\"async\" width=\"971\" height=\"1024\" data-id=\"1698\" src=\"https:\/\/media.annasorenson.se\/2012\/07\/Da\u0308r-jag-kommer-ifra\u030an1-971x1024.jpg\" alt=\"\" class=\"wp-image-1698\" srcset=\"https:\/\/media.annasorenson.se\/2012\/07\/Da\u0308r-jag-kommer-ifra\u030an1-971x1024.jpg 971w, https:\/\/media.annasorenson.se\/2012\/07\/Da\u0308r-jag-kommer-ifra\u030an1-284x300.jpg 284w, https:\/\/media.annasorenson.se\/2012\/07\/Da\u0308r-jag-kommer-ifra\u030an1.jpg 1214w\" sizes=\"auto, (max-width: 971px) 100vw, 971px\" \/><\/a><figcaption class=\"wp-element-caption\">\u201dD\u00e4r jag kommer ifr\u00e5n\/ Where I come from\u201d watercolor and gouache on paper, 113 x 106 cm \/44.5 x 41.7 inch<\/figcaption><\/figure>\n\n\n\n<figure class=\"wp-block-image size-large\"><a href=\"https:\/\/media.annasorenson.se\/2012\/07\/En-la\u0308ngtan-jag-nu-inte-kan-fo\u0308rsta\u030a1.jpg\"><img loading=\"lazy\" decoding=\"async\" width=\"1024\" height=\"952\" data-id=\"1699\" src=\"https:\/\/media.annasorenson.se\/2012\/07\/En-la\u0308ngtan-jag-nu-inte-kan-fo\u0308rsta\u030a1-1024x952.jpg\" alt=\"\" class=\"wp-image-1699\" srcset=\"https:\/\/media.annasorenson.se\/2012\/07\/En-la\u0308ngtan-jag-nu-inte-kan-fo\u0308rsta\u030a1-1024x952.jpg 1024w, https:\/\/media.annasorenson.se\/2012\/07\/En-la\u0308ngtan-jag-nu-inte-kan-fo\u0308rsta\u030a1-300x279.jpg 300w, https:\/\/media.annasorenson.se\/2012\/07\/En-la\u0308ngtan-jag-nu-inte-kan-fo\u0308rsta\u030a1.jpg 1376w\" sizes=\"auto, (max-width: 1024px) 100vw, 1024px\" \/><\/a><figcaption class=\"wp-element-caption\">\u201cEn l\u00e4ngtan jag nu inte kan f\u00f6rst\u00e5\/ A longing I now don\u2019t understand\u201d, mixed media on paper, 106 x 94 cm\/ 41.7 x 37 inches <\/figcaption><\/figure>\n\n\n\n<figure class=\"wp-block-image size-large\"><a href=\"https:\/\/media.annasorenson.se\/2012\/07\/En-pipig-melodi1.jpg\"><img loading=\"lazy\" decoding=\"async\" width=\"984\" height=\"1024\" data-id=\"1700\" src=\"https:\/\/media.annasorenson.se\/2012\/07\/En-pipig-melodi1-984x1024.jpg\" alt=\"\" class=\"wp-image-1700\" srcset=\"https:\/\/media.annasorenson.se\/2012\/07\/En-pipig-melodi1-984x1024.jpg 984w, https:\/\/media.annasorenson.se\/2012\/07\/En-pipig-melodi1-288x300.jpg 288w, https:\/\/media.annasorenson.se\/2012\/07\/En-pipig-melodi1.jpg 1231w\" sizes=\"auto, (max-width: 984px) 100vw, 984px\" \/><\/a><figcaption class=\"wp-element-caption\">\u201cEn pipig melodi\/ A squeaky melody\u201d watercolor and gouache on paper, 113 x 106 cm \/44.5 x 41.7 inch<\/figcaption><\/figure>\n\n\n\n<figure class=\"wp-block-image size-large\"><a href=\"https:\/\/media.annasorenson.se\/2012\/07\/Fa\u030agen-som-vrider-upp-va\u0308rlden1.jpg\"><img loading=\"lazy\" decoding=\"async\" width=\"915\" height=\"1024\" data-id=\"1702\" src=\"https:\/\/media.annasorenson.se\/2012\/07\/Fa\u030agen-som-vrider-upp-va\u0308rlden1-915x1024.jpg\" alt=\"\" class=\"wp-image-1702\" srcset=\"https:\/\/media.annasorenson.se\/2012\/07\/Fa\u030agen-som-vrider-upp-va\u0308rlden1-915x1024.jpg 915w, https:\/\/media.annasorenson.se\/2012\/07\/Fa\u030agen-som-vrider-upp-va\u0308rlden1-268x300.jpg 268w, https:\/\/media.annasorenson.se\/2012\/07\/Fa\u030agen-som-vrider-upp-va\u0308rlden1.jpg 1144w\" sizes=\"auto, (max-width: 915px) 100vw, 915px\" \/><\/a><figcaption class=\"wp-element-caption\">\u201cF\u00e5gen som vrider upp v\u00e4rlden\/ The Wind-Up Bird Chronicle\u201d, mixed media,109 x 106 cm\/ 42.9 x 41.7 <\/figcaption><\/figure>\n\n\n\n<figure class=\"wp-block-image size-large\"><a href=\"https:\/\/media.annasorenson.se\/2012\/07\/Gra\u030a-Form1.jpg\"><img loading=\"lazy\" decoding=\"async\" width=\"1024\" height=\"1013\" data-id=\"1704\" src=\"https:\/\/media.annasorenson.se\/2012\/07\/Gra\u030a-Form1-1024x1013.jpg\" alt=\"\" class=\"wp-image-1704\" srcset=\"https:\/\/media.annasorenson.se\/2012\/07\/Gra\u030a-Form1-1024x1013.jpg 1024w, https:\/\/media.annasorenson.se\/2012\/07\/Gra\u030a-Form1-300x296.jpg 300w, https:\/\/media.annasorenson.se\/2012\/07\/Gra\u030a-Form1.jpg 1293w\" sizes=\"auto, (max-width: 1024px) 100vw, 1024px\" \/><\/a><figcaption class=\"wp-element-caption\">\u201cGr\u00e5 form\/Grey Shape\u201d, mixed media, 106 x 106 cm\/ 41.7 x 41.7 inches<\/figcaption><\/figure>\n\n\n\n<figure class=\"wp-block-image size-large\"><a href=\"https:\/\/media.annasorenson.se\/2012\/07\/Inventering1.jpg\"><img loading=\"lazy\" decoding=\"async\" width=\"971\" height=\"1024\" data-id=\"1706\" src=\"https:\/\/media.annasorenson.se\/2012\/07\/Inventering1-971x1024.jpg\" alt=\"\" class=\"wp-image-1706\" srcset=\"https:\/\/media.annasorenson.se\/2012\/07\/Inventering1-971x1024.jpg 971w, https:\/\/media.annasorenson.se\/2012\/07\/Inventering1-284x300.jpg 284w, https:\/\/media.annasorenson.se\/2012\/07\/Inventering1.jpg 1214w\" sizes=\"auto, (max-width: 971px) 100vw, 971px\" \/><\/a><figcaption class=\"wp-element-caption\">\u201dInventering\/ Inventory\u201d, mixed media on paper,113 x 106 cm \/44.5 x 41.7 inch<\/figcaption><\/figure>\n\n\n\n<figure class=\"wp-block-image size-large\"><a href=\"https:\/\/media.annasorenson.se\/2012\/07\/Labyrint1.jpg\"><img loading=\"lazy\" decoding=\"async\" width=\"964\" height=\"1024\" data-id=\"1707\" src=\"https:\/\/media.annasorenson.se\/2012\/07\/Labyrint1-964x1024.jpg\" alt=\"\" class=\"wp-image-1707\" srcset=\"https:\/\/media.annasorenson.se\/2012\/07\/Labyrint1-964x1024.jpg 964w, https:\/\/media.annasorenson.se\/2012\/07\/Labyrint1-282x300.jpg 282w, https:\/\/media.annasorenson.se\/2012\/07\/Labyrint1.jpg 1206w\" sizes=\"auto, (max-width: 964px) 100vw, 964px\" \/><\/a><figcaption class=\"wp-element-caption\">\u201dLabyrinth\u201d, ink and pencil on paper 113 x 106 cm \/44.5 x 41.7 inch<\/figcaption><\/figure>\n\n\n\n<figure class=\"wp-block-image size-large\"><a href=\"https:\/\/media.annasorenson.se\/2012\/07\/Minnen-av-minnen1.jpg\"><img loading=\"lazy\" decoding=\"async\" width=\"973\" height=\"1024\" data-id=\"1708\" src=\"https:\/\/media.annasorenson.se\/2012\/07\/Minnen-av-minnen1-973x1024.jpg\" alt=\"\" class=\"wp-image-1708\" srcset=\"https:\/\/media.annasorenson.se\/2012\/07\/Minnen-av-minnen1-973x1024.jpg 973w, https:\/\/media.annasorenson.se\/2012\/07\/Minnen-av-minnen1-285x300.jpg 285w, https:\/\/media.annasorenson.se\/2012\/07\/Minnen-av-minnen1.jpg 1217w\" sizes=\"auto, (max-width: 973px) 100vw, 973px\" \/><\/a><figcaption class=\"wp-element-caption\">\u201cMinnen av minnen\/ Memories of memories, watercolor, gouache and charcoal on paper,113 x 106 cm \/44.5 x 41.7 inch<\/figcaption><\/figure>\n\n\n\n<figure class=\"wp-block-image size-large\"><a href=\"https:\/\/media.annasorenson.se\/2012\/07\/On-its-way1.jpg\"><img loading=\"lazy\" decoding=\"async\" width=\"936\" height=\"1024\" data-id=\"1709\" src=\"https:\/\/media.annasorenson.se\/2012\/07\/On-its-way1-936x1024.jpg\" alt=\"\" class=\"wp-image-1709\" srcset=\"https:\/\/media.annasorenson.se\/2012\/07\/On-its-way1-936x1024.jpg 936w, https:\/\/media.annasorenson.se\/2012\/07\/On-its-way1-274x300.jpg 274w, https:\/\/media.annasorenson.se\/2012\/07\/On-its-way1.jpg 1171w\" sizes=\"auto, (max-width: 936px) 100vw, 936px\" \/><\/a><figcaption class=\"wp-element-caption\">\u201cOn it\u2019s Way\u201d, mixed media on paper, 106 x 106 cm\/ 41.7 x 41.7 inches <\/figcaption><\/figure>\n\n\n\n<figure class=\"wp-block-image size-large\"><a href=\"https:\/\/media.annasorenson.se\/2012\/07\/Pa\u030a-dagen-a\u0308r-vi-vakna1.jpg\"><img loading=\"lazy\" decoding=\"async\" width=\"969\" height=\"1024\" data-id=\"1710\" src=\"https:\/\/media.annasorenson.se\/2012\/07\/Pa\u030a-dagen-a\u0308r-vi-vakna1-969x1024.jpg\" alt=\"\" class=\"wp-image-1710\" srcset=\"https:\/\/media.annasorenson.se\/2012\/07\/Pa\u030a-dagen-a\u0308r-vi-vakna1-969x1024.jpg 969w, https:\/\/media.annasorenson.se\/2012\/07\/Pa\u030a-dagen-a\u0308r-vi-vakna1-284x300.jpg 284w, https:\/\/media.annasorenson.se\/2012\/07\/Pa\u030a-dagen-a\u0308r-vi-vakna1.jpg 1212w\" sizes=\"auto, (max-width: 969px) 100vw, 969px\" \/><\/a><figcaption class=\"wp-element-caption\">\u201dP\u00e5 dagen \u00e4r vi vakna\/ We are awake during the day, watercolor pencil on paper, 113 x 106 cm \/44.5 x 41.7 inch<\/figcaption><\/figure>\n\n\n\n<figure class=\"wp-block-image size-large\"><a href=\"https:\/\/media.annasorenson.se\/2012\/07\/Sky-and-Northern1.jpg\"><img loading=\"lazy\" decoding=\"async\" width=\"936\" height=\"1024\" data-id=\"1712\" src=\"https:\/\/media.annasorenson.se\/2012\/07\/Sky-and-Northern1-936x1024.jpg\" alt=\"\" class=\"wp-image-1712\" srcset=\"https:\/\/media.annasorenson.se\/2012\/07\/Sky-and-Northern1-936x1024.jpg 936w, https:\/\/media.annasorenson.se\/2012\/07\/Sky-and-Northern1-274x300.jpg 274w, https:\/\/media.annasorenson.se\/2012\/07\/Sky-and-Northern1.jpg 1171w\" sizes=\"auto, (max-width: 936px) 100vw, 936px\" \/><\/a><figcaption class=\"wp-element-caption\">\u201cSky and Northern Star Map\u201d, mixed media, 117 x 106 cm \/46.1 x 41.7 inch<\/figcaption><\/figure>\n\n\n\n<figure class=\"wp-block-image size-large\"><a href=\"https:\/\/media.annasorenson.se\/2012\/07\/Skogen-a\u0308r-gra\u030a1.jpg\"><img loading=\"lazy\" decoding=\"async\" width=\"963\" height=\"1024\" data-id=\"1711\" src=\"https:\/\/media.annasorenson.se\/2012\/07\/Skogen-a\u0308r-gra\u030a1-963x1024.jpg\" alt=\"\" class=\"wp-image-1711\" srcset=\"https:\/\/media.annasorenson.se\/2012\/07\/Skogen-a\u0308r-gra\u030a1-963x1024.jpg 963w, https:\/\/media.annasorenson.se\/2012\/07\/Skogen-a\u0308r-gra\u030a1-282x300.jpg 282w, https:\/\/media.annasorenson.se\/2012\/07\/Skogen-a\u0308r-gra\u030a1.jpg 1204w\" sizes=\"auto, (max-width: 963px) 100vw, 963px\" \/><\/a><figcaption class=\"wp-element-caption\">\u201dSkogen \u00e4r gr\u00e5 och Sverige \u00e4r l\u00e5ngt borta\/ The forest is grey and Sweden far away\u201d, mixed media on paper, 113 x 106 cm \/44.5 x 41.7 inch<\/figcaption><\/figure>\n\n\n\n<figure class=\"wp-block-image size-large\"><a href=\"https:\/\/media.annasorenson.se\/2012\/07\/Ten-layers-of-heaven1.jpg\"><img loading=\"lazy\" decoding=\"async\" width=\"1019\" height=\"1024\" data-id=\"1713\" src=\"https:\/\/media.annasorenson.se\/2012\/07\/Ten-layers-of-heaven1-1019x1024.jpg\" alt=\"\" class=\"wp-image-1713\" srcset=\"https:\/\/media.annasorenson.se\/2012\/07\/Ten-layers-of-heaven1-1019x1024.jpg 1019w, https:\/\/media.annasorenson.se\/2012\/07\/Ten-layers-of-heaven1-150x150.jpg 150w, https:\/\/media.annasorenson.se\/2012\/07\/Ten-layers-of-heaven1-298x300.jpg 298w, https:\/\/media.annasorenson.se\/2012\/07\/Ten-layers-of-heaven1.jpg 1274w\" sizes=\"auto, (max-width: 1019px) 100vw, 1019px\" \/><\/a><figcaption class=\"wp-element-caption\">\u201cTen layers of heaven\u201d, oil on canvas, 50 x 50 cm\/ 20 x 20 inches <\/figcaption><\/figure>\n<\/figure>\n\n\n\n<p><\/p>\n","protected":false},"excerpt":{"rendered":"","protected":false},"author":1,"featured_media":0,"parent":0,"menu_order":0,"comment_status":"open","ping_status":"open","template":"","meta":{"footnotes":""},"class_list":["post-1528","page","type-page","status-publish","hentry"],"_links":{"self":[{"href":"https:\/\/annasorenson.se\/index.php?rest_route=\/wp\/v2\/pages\/1528","targetHints":{"allow":["GET"]}}],"collection":[{"href":"https:\/\/annasorenson.se\/index.php?rest_route=\/wp\/v2\/pages"}],"about":[{"href":"https:\/\/annasorenson.se\/index.php?rest_route=\/wp\/v2\/types\/page"}],"author":[{"embeddable":true,"href":"https:\/\/annasorenson.se\/index.php?rest_route=\/wp\/v2\/users\/1"}],"replies":[{"embeddable":true,"href":"https:\/\/annasorenson.se\/index.php?rest_route=%2Fwp%2Fv2%2Fcomments&post=1528"}],"version-history":[{"count":16,"href":"https:\/\/annasorenson.se\/index.php?rest_route=\/wp\/v2\/pages\/1528\/revisions"}],"predecessor-version":[{"id":4506,"href":"https:\/\/annasorenson.se\/index.php?rest_route=\/wp\/v2\/pages\/1528\/revisions\/4506"}],"wp:attachment":[{"href":"https:\/\/annasorenson.se\/index.php?rest_route=%2Fwp%2Fv2%2Fmedia&parent=1528"}],"curies":[{"name":"wp","href":"https:\/\/api.w.org\/{rel}","templated":true}]}}